 the remainder when 3827 is divided by 415.
92
What is the remainder when 63628 is divided by 31807?
14
Calculate the remainder when 715556 is divided by 238506.
38
Calculate the remainder when 13868 is divided by 1705.
228
Calculate the remainder when 16234 is divided by 4048.
42
What is the remainder when 10981 is divided by 10942?
39
Calculate the remainder when 49555 is divided by 142.
139
Calculate the remainder when 1060 is divided by 41.
35
Calculate the remainder when 3320789 is divided by 55.
54
What is the remainder when 387179 is divided by 405?
404
Calculate the remainder when 38485 is divided by 181.
113
What is the remainder when 6536 is divided by 435?
11
What is the remainder when 3768 is divided by 130?
128
What is the remainder when 940 is divided by 181?
35
What is the remainder when 581 is divided by 9?
5
What is the remainder when 8908 is divided by 4425?
58
Calculate the remainder when 571033 is divided by 2.
1
What is the remainder when 431 is divided by 345?
86
Calculate the remainder when 5830 is divided by 8.
6
What is the remainder when 2830 is divided by 404?
2
What is the remainder when 151451 is divided by 6884?
3
What is the remainder when 97689 is divided by 19528?
49
Calculate the remainder when 51573 is divided by 105.
18
What is the remainder when 31357 is divided by 205?
197
What is the remainder when 7892 is divided by 2519?
335
Calculate the remainder when 16145 is divided by 15923.
222
Calculate the remainder when 54370 is divided by 602.
190
Calculate the remainder when 4969 is divided by 451.
8
What is the remainder when 11524 is divided by 131?
127
What is the remainder when 3510 is divided by 53?
12
What is the remainder when 2500 is divided by 423?
385
Calculate the remainder when 5214 is divided by 1.
0
Calculate the remainder when 95631 is divided by 161.
158
Calculate the remainder when 35971 is divided by 17982.
7
What is the remainder when 2109 is divided by 151?
146
What is the remainder when 12120 is divided by 927?
69
Calculate the remainder when 6134 is divided by 117.
50
Calculate the remainder when 478666 is divided by 8.
2
What is the remainder when 2008 is divided by 500?
8
What is the remainder when 1600 is divided by 265?
10
Calculate the remainder when 1159951 is divided by 579975.
1
Calculate the remainder when 21755 is divided by 2408.
83
What is the remainder when 29051 is divided by 199?
196
Calculate the remainder when 219954 is divided by 4150.
4
Calculate the remainder when 1421 is divided by 175.
21
What is the remainder when 645048 is divided by 33?
30
What is the remainder when 2733 is divided by 672?
45
Calculate the remainder when 147594 is divided by 49194.
12
Calculate the remainder when 6779 is divided by 567.
542
Calculate the remainder when 272000 is divided by 4000.
0
What is the remainder when 3163 is divided by 2986?
177
Calculate the remainder when 4009 is divided by 505.
474
What is the remainder when 85799 is divided by 88?
87
What is the remainder when 2070 is divided by 1028?
14
What is the remainder when 5705 is divided by 43?
29
Calculate the remainder when 48255 is divided by 254.
249
What is the remainder when 4077 is divided by 1000?
77
What is the remainder when 47182 is divided by 3369?
16
Calculate the remainder when 2881 is divided by 193.
179
Calculate the remainder when 6042627 is divided by 202.
201
Calculate the remainder when 82395 is divided by 79.
77
Calculate the remainder when 84530 is divided by 6035.
40
Calculate the remainder when 10728 is divided by 469.
410
Calculate the remainder when 18208 is divided by 38.
6
What is the remainder when 639410 is divided by 3633?
2
What is the remainder when 60891 is divided by 406?
397
Calculate the remainder when 48679 is divided by 24279.
121
What is the remainder when 88204 is divided by 19?
6
What is the remainder when 6080 is divided by 73?
21
Calculate the remainder when 10715 is divided by 5338.
39
Calculate the remainder when 16033 is divided by 5318.
79
Calculate the remainder when 37288 is divided by 5320.
48
Calculate the remainder when 64525 is divided by 37.
34
What is the remainder when 8163 is divided by 4050?
63
Calculate the remainder when 17726 is divided by 3.
2
What is the remainder when 11825 is divided by 2009?
1780
What is the remainder when 19228 is divided by 299?
92
What is the remainder when 2901 is divided by 74?
15
Calculate the remainder when 10924 is divided by 801.
511
Calculate the remainder when 116919 is divided by 174.
165
What is the remainder when 63766 is divided by 216?
46
What is the remainder when 15709 is divided by 209?
34
What is the remainder when 173556 is divided by 161?
159
What is the remainder when 81351 is divided by 1071?
1026
What is the remainder when 202 is divided by 8?
2
What is the remainder when 74090 is divided by 29?
24
Calculate the remainder when 47529 is divided by 743.
720
What is the remainder when 866245 is divided by 328?
325
What is the remainder when 10186 is divided by 846?
34
Calculate the remainder when 21997 is divided by 71.
58
Calculate the remainder when 1534 is divided by 53.
50
What is the remainder when 1326 is divided by 1093?
233
Calculate the remainder when 952471 is divided by 190493.
6
Calculate the remainder when 704 is divided by 373.
331
Calculate the remainder when 272233 is divided by 578.
573
What is the remainder when 1706 is divided by 444?
374
Calculate the remainder when 19436 is divided by 108.
104
Calculate the remainder when 28777 is divided by 1066.
1061
What is the remainder when 18992 is divided by 311?
21
Calculate the remainder when 18874 is divided by 1109.
21
Calculate the remainder when 7027 is divided by 11.
9
Calculate the remainder when 7722 is divided by 313.
210
Calculate the remainder when 759190 is divided by 42.
40
Calculate the remainder when 40780 is divided by 606.
178
Calculate the remainder when 349 is divided by 60.
49
What is the remainder when 266558 is divided by 231?
215
Calculate the remainder when 16735 is divided by 293.
34
Calculate the remainder when 1120 is divided by 1109.
11
Calculate the remainder when 204466 is divided by 68148.
22
What is the remainder when 849 is divided by 115?
44
Calculate the remainder when 18771 is divided by 1636.
775
Calculate the remainder when 10305 is divided by 10249.
56
Calculate the remainder when 13622 is divided by 29.
21
What is the remainder when 13465 is divided by 2?
1
What is the remainder when 107092 is divided by 2?
0
What is the remainder when 36539 is divided by 3?
2
What is the remainder when 959 is divided by 236?
15
Calculate the remainder when 442859 is divided by 14.
11
What is the remainder when 163092 is divided by 7?
6
What is the remainder when 169620 is divided by 174?
144
What is the remainder when 1232 is divided by 79?
47
What is the remainder when 551954 is divided by 11?
7
Calculate the remainder when 26930 is divided by 344.
98
What is the remainder when 1445 is divided by 1429?
16
Calculate the remainder when 1062471 is divided by 472.
471
What is the remainder when 171479 is divided by 526?
3
What is the remainder when 21774 is divided by 66?
60
Calculate the remainder when 2398858 is divided by 90.
88
Calculate the remainder when 1280 is divided by 378.
146
Calculate the remainder when 7826168 is divided by 110.
108
What is the remainder when 1356028 is divided by 585?
583
Calculate the remainder when 21800 is divided by 266.
254
What is the remainder when 6149 is divided by 836?
297
Calculate the remainder when 10012 is divided by 2496.
28
Calculate the remainder when 82610 is divided by 9.
8
What is the remainder when 44599 is divided by 11148?
7
What is the remainder when 69762 is divided by 163?
161
What is the remainder when 606 is divided by 288?
30
Calculate the remainder when 12945 is divided by 465.
390
What is the remainder when 70961 is divided by 5064?
65
What is the remainder when 220740 is divided by 44146?
10
What is the remainder when 13732 is divided by 33?
4
What is the remainder when 1007 is divided by 54?
35
Calculate the remainder when 58745 is divided by 101.
64
What is the remainder when 52879 is divided by 306?
247
What is the remainder when 6260 is divided by 892?
16
Calculate the